.
2
What is the value of -1 - (36 - (22 - -42))?
27
Evaluate -5 + (-20 - -29) + (-1 - 2).
1
Calculate 5 - (-1 - -13 - ((21 - 9) + -18)).
-13
(-12 - -12) + 10 - (20 - -4)
-14
What is the value of 33 - (14 - (-13 + 24 - 3))?
27
What is (18 - 30) + (-8 - -8)?
-12
Calculate -27 - -52 - (4 + 5 + -2) - 3.
15
Evaluate (9 - -1) + -35 + 10 + 17.
2
Evaluate 2 - 1 - (-24 + 1 + (-30 - -43)).
11
What is the value of 8 + -13 + (-1 - -1) + (3 - 0)?
-2
What is -14 - (15 - (10 - (17 - 21)))?
-15
(-8 - (-6 + (16 - 4))) + (5 - -1)
-8
Calculate 4 + (12 - 7 - (1 - (6 - 7))).
7
What is -8 - ((23 - 17) + (-4 - 0) + 0)?
-10
What is (0 - -5) + -10 + (40 - (20 - 3))?
18
(-25 - -11) + 21 + -2
5
-15 - ((-3 - -6) + (9 - 18))
-9
What is the value of 23 - (15 + 41 + -24)?
-9
Evaluate (13 - 1) + (-1 + 0 + -7 - -4).
8
What is (2 - 6) + -21 + (30 - 15)?
-10
Calculate 1 + -4 + 2 - -17 - (-213 + 214).
15
What is -14 + 37 + (18 - 26)?
15
What is 5 + (6 + -2 - (11 + 4 - 0))?
-6
Evaluate -11 + 6 + -1 + 18.
12
Evaluate -4 + 2 + 3 + -5 - (-61 - -30).
27
Calculate (-17 - 6) + 22 + (2 - 11).
-10
What is 15 + -34 + (-10 - (-21 + 11))?
-19
Evaluate 19 + (2 - -1) + 5 + -6 + -3.
18
Evaluate (-1 - 2) + 3 + -21 + 20.
-1
What is the value of 418 + -412 - (-12 - 0)?
18
2 + -1 - (27 - (10 - (-6 + 5)))
-15
-70 - -85 - (-6 + 15 - (-2 + 3))
7
29 + -34 - (-2 + (2 - 5) + 1)
-1
What is the value of 12 - 0 - (7 + 8)?
-3
What is 0 + 0 + -7 + -20 + 20?
-7
-56 + 27 + 60 + -15
16
What is the value of 3 - 2 - -2 - (19 + -7 - 18)?
9
Calculate -8 - -11 - 8 - -2.
-3
-14 + (9 - (-16 - -16))
-5
Calculate -69 + -33 + (32 - -33).
-37
What is (8 - 1 - -6) + -10?
3
What is the value of (13 - (18 + -23)) + 11 + -12?
17
What is the value of 1 + (-1 - 3 - (11 - (7 - -1)))?
-6
What is the value of 17 + 18 + (7 - 53) + 32?
21
Evaluate (-6 - -22) + (1 - 17).
0
What is 10 + (-16 - 10) - -47?
31
-2 - ((32 + -23 - (11 + 1)) + 11)
-10
What is -27 - -14 - -23 - (2 + 17) - -33?
24
16 - 11 - (16 + 11 + -11)
-11
What is 43 + 5 + -60 + 26?
14
-57 - -43 - (3 - (3 + -3))
-17
Evaluate 38 + (28 - 40) - 19.
7
-41 + 22 - -12 - (11 + 0)
-18
What is the value of (-4 - -5 - (-6 - -6)) + 21?
22
(-15 - (3 - 50)) + -9
23
Calculate -27 - (42 + 0 - 49).
-20
What is -102 + 106 - (-2 + 5 + 3)?
-2
Calculate -9 + (12 - 5) + 0 + -3 - -5.
0
Evaluate 315 + -315 - (-4 + 2).
2
Evaluate (54 - (24 + -6)) + -17.
19
Calculate -30 - (-27 - -35) - -32.
-6
What is (0 - 0) + (-238 - -251)?
13
6 + -6 + 6 + -11 + 8
3
Calculate (26 - 16) + 2 - 18 - (8 - 0).
-14
(-2 - -23) + -117 + 109
13
Calculate (1 + -35 - -19 - -13) + 16.
14
What is the value of -20 - (-6 - (-1 + 7)) - 3?
-11
-2 + 3 + -6 + 0 + 9 + -7
-3
Evaluate 42 + (1 + -18 - 6).
19
What is 21 + (21 - 41) + (-1 - 2) + 1?
-1
Evaluate (-19 - -7) + 13 - -4.
5
Evaluate -10 + -7 + (-38 - -51).
-4
Evaluate -13 + -25 - (-32 - -8).
-14
Calculate 1 - (2 + -4) - ((6 - -2) + -18).
13
What is the value of -1 + 1 + 19 + (-46 - (-10 + -34))?
17
What is 287 - 268 - ((2 - (-3 + 8)) + 1)?
21
What is the value of -3 + (2 - -5) - (-4 - -1 - -11)?
-4
What is -48 - (-3 - (-14 + 40))?
-19
What is the value of -22 - -14 - (6 + -1)?
-13
What is the value of 5 - (-2 + 4) - (-15 + 8)?
10
71 + 13 + -40 - 24
20
What is the value of 1 + (-46 - -50 - (-1 + 4)) + -13?
-11
What is 22 - (10 + (-6 - -12))?
6
What is -29 - (28 - 47) - (2 - (1 - 1))?
-12
9 + 11 + (-1 - 9)
10
Calculate -4 + 0 + (6 - (-6 - -5 - -16)).
-13
25 + (3 + (-2 - 7) - -2)
21
-10 + 8 + 4 - 12
-10
-3 + 3 + -21 - (-5 - 3)
-13
What is the value of 10 + (-10 + (6 - 0) - 0)?
6
Evaluate (-8 - (-16 + 9) - -17) + -9 + -2.
5
-129 - -133 - (15 - -1)
-12
Calculate 53 - (-3 - -25 - -8).
23
41 - 31 - (-4 + 5 - -23)
-14
Calculate 7 + -26 + 4 + 8.
-7
-1 + (8 - 10 - -6) + 6
9
Evaluate -9 + 9 + 1 + 16.
17
Evaluate -9 + (-7 - (-8 + (7 - 5))) + -5.
-15
Evaluate -27 + 26 + -4 + 3 + 7 + -3.
2
What is -42 + 0 + 36 - ((-29 - 0) + -3)?
26
Evaluate -258 + 263 + (0 - 10).
-5
-5 + 12 - 17 - (2 + -12)
0
What is (8 - 5 - 1) + -7 + 23?
18
What is the value of (78 + -84 - (1 + -1 + 1)) + -25?
-32
Evaluate -13 - ((-5 - 4 - -2) + 2).
-8
Calculate 5 + -4 + (-2 - 2) + 7 + 2.
6
Evaluate 461 + -517 + (19 - -4).
-33
Calculate (-1 - (0 - 6)) + -7 + -4.
-6
Calculate (20 - (-1 - -15)) + -14.
-8
-16 + (-2 - (17 - 15))
-20
What is 4 - (2 - -27) - (-32 + 28)?
-21
What is 4 + 11 + (2 - 13) + 13?
17
Evaluate -13 - -7 - (3 - 3 - (-1 + -7)).
-14
What is 8 - -3 - (-12 + 23) - (0 + -9)?
9
What is 34 + (0 - -19) - 20?
33
-34 - ((-4 - 4 - -1) + 72 + -75)
-24
Calculate (11 - 7) + 1 - 2.
3
8 + (1 + 10 - 4 - 25)
-10
What is (0 - 24) + (-354 - -378)?
0
What is (-7 - -5) + 10 - (16 - -2)?
-10
What is the value of 1 + -29 + 11 + -28 + 30?
-15
What is 5 + -6 + 8 - 0 - 13?
-6
What is 19 + -8 + 18 + -7?
22
What is 10 + (-1 - (-3 - (-10 + 5)))?
7
What is (1 - ((6 - 16) + 9)) + 7 - -4?
13
What is 115 + -117 + (2 + -3 - 4) + 28?
21
-5 - ((-1 - 0) + 4 + -4) - -2
-2
(3 - -11) + 23 + -34 + 3 + -1
5
Calculate -5 - -10 - (-8 - (6 + -6)).
13
What is the value of 9 + 0 + -1 + (-57 - -37) + 31?
19
Evaluate 3 + -3 + (-7 - -6) + 1 + 29.
29
9 + (11 - (21 - 1))
0
What is the value of 10 + 1 + -18 + 13 + 0 + 1?
7
27 + (-1 - 9) - 12
5
What is ((14 - 11) + 4 - 12) + -5 - -30?
20
21 - 27 - (-3 - 17)
14
-34 + 52 - ((17 - 21) + (1 - -7))
14
Evaluate 2 + -4 + (-2 - 5) + 8.
-1
What is -21 + 12 + 22 + (-5 - -15)?
23
Evaluate -2 + -5 + 67 + -67 + -15.
-22
What is 11 + 6 + -11 - 2?
4
-7 - 2 - ((7 - -3) + -10)
-9
Calculate -1 + -3 + (13 - -14 - 35).
-12
What is the value of 0 - (0 - (-5 - 7 - 8))?
-20
Calculate 3 + -2 + 3 + -122 + 125.
7
What is the value of 27 - (9 - (12 - 1 - (116 + -109)))?
22
(26 - (-29 + 43)) + -40
-28
Evaluate (-18 - -2) + 17 - (7 + 16).
-22
What is the value of (1 - 7) + (-2 - -3) + (-191 - -199)?
3
What is 33 + (46 - (-26 - -75) - (1 - -7))?
22
1 + (2 - -5) - (-4 - -16)
-4
Calculate -4 + 3 + -12 + 8 - -3 - 19.
-21
Evaluate (-14 - 0) + -9 + (-15 - -11).
-27
Evaluate 7 - (8 + (7 - 7) + -4).
3
Evaluate 10 + -1 + 1 - (-907 - -931).
-14
(4 - 31) + 0 + 14 + 3 + -10
-20
Evaluate 5 - (-3 + 19 - -1).
-12
Evaluate -2 + (18 - -1 - (9 + (-18 - -12))).
14
What is the value of -40 - (-39 + 24 + -10)?
-15
Calculate 21 + ((1 - 1) + (7 - 18) - -6).
16
What is the value of 2 + (4 - 5) + 12 + -3 - 4?
6
Evaluate (-5 - -9) + 12 + (4 - 47).
-27
Calculate -1 + (-1 - (-12 - -11)) + 9.
8
Evaluate -25 + 4 - (-98 - -85).
-8
What is the value of (14 - (15 - 6)) + -18?
-13
Calculate -1 + -17 + 16 + -42 + 11.
-33
Evaluate (4 - 14) + 6 - (18 - (23 - 8)).
-7
What is (4 - 2) + 8 - 18?
-8
What is the value of 27 - (30 - (8 - 17))?
-12
What is 4 + (1 - (10 - 8)) + (3 - 2)?
4
Calculate -1 - (-3 + 1 + 4 + (-11 - -1)).
7
What is 20 - (9 + -14 + 3) - (-1 + 0)?
23
Calculate 6 + 7 + -8 + 4 + -3.
6
What is 5 + -16 + 20 + 1 + (-13 - -2)?
-1
What is (19 - 14) + -3 + (-6 - 0) + 2?
-2
What is the value of 16 + (-5 - (-2 - -8 - 16)) - 6?
15
-59 - (-15 + -33 + 7)
-18
What is (28 - -1) + (-282 - -264)?
11
Calculate 9 + (-7 - -2 - (-11 - -7)).
8
(-8 - (19 - 6)) + 3
-18
What is the value of -10 - (-64 - -58) - (-1 - -2 - 7)?
2
Evaluate 24 - (29 - -3 - -11).
-19
Calculate -2 - -12 - (-53 + 61).
2
4 - 5 - (3 + (4 - 5) - 0)
-3
Evaluate 5 - (0 + (-9 - -27)) - -33.
20
What is 15 - (-1 - -3 - 0 - (8 + -9))?
12
951 + -995 + (-7 - -9) + (3 - -1)
-38
(22 - -15) + -21 + 6
22
What is (114 - 108) + 3 + (-2 - -3)?
10
Calculate -16 + (-2 - -33) + (-61 - -80).
34
Calculate (-2 - (0 + 3)) + (5 - (16 + -9)).
-7
What is 10 + (-16 - -4) - (0 + 3)?
-5
Calculate -5 - (-28 + 19 - (-2 - 41)) - -8.
-31
1 - 5 - (31 + -13 + (12 - 0))
-34
What is the value of 0 + 7 - (3 - -1) - 13 - 0?
-10
What is the value of 203 - 211 - (-2 + 1)?
-7
12 + (-14 - 10) - -23
11
Evaluate -19 + (12 - 4) + 6 + 9.
4
Calculate -4 + ((-2 - -1) + 3 - (-25 - -24)).
-1
Evaluate (14 - 3) + (1 + -15 - (-17 + 8)).
6
Calculate 12 + (0 - 2) + 7 + -4 - 8.
5
What is (-15 - -6) + (-9 - 0 - -22)?
4
Evaluate 390 + -399 - (1 - (1 - 10)).
-19
What is the value of 1 + -15 - (2 - (4 + -6 + 9))?
-9
What is the value of 23 + -27 + 13 - (2 - -7)?
0
What is the value of 0 + -10 + 19 - (1 - -7)?
1
What is -20 + 35 + 0 + -2?
13
What is 2 + (2 - 8 - -1 - -2)?
-1
What is the value of 0 - (-30 - -6 - -13)?
11
What is the value of -2 + (45 - (55 - 47))?
35